. What is the greatest common factor of h and b?
34
Suppose -5*b = -2*i + 1493, -9*b + 3 = -8*b. What is the greatest common divisor of 286 and i?
26
Let m be (-57 + 63)/((-6)/(-100)). Calculate the highest common factor of 4275 and m.
25
Suppose -15*a - 201 = 264. Let m(y) = -y**3 - 30*y**2 + 29*y - 53. Let o be m(a). What is the greatest common divisor of o and 9?
9
Suppose g + 0*g - 1 = 0. Let b be g/(-3)*27/(-3). Let o be 11/(b/((-42)/(-2))). What is the greatest common factor of o and 7?
7
Let d = 3918 - 3544. Suppose -4 = 4*w, -2*w - 32 - 14 = -2*v. Calculate the greatest common divisor of d and v.
22
Let q = 20 + -16. Suppose -f + 14 = 11. Suppose -2*y - q = -f*y. What is the highest common factor of y and 16?
4
Let i be 145 + -45 - (0 + 6). Suppose -72 = w - i. Calculate the greatest common factor of 1408 and w.
22
Suppose -5*j - 9*h = -8*h + 286, 5*h - 78 = j. Let p = 94 + j. What is the highest common factor of 27 and p?
9
Let z = 167 + -165. Let o be z/(-10)*(-86 + 41). Calculate the highest common divisor of 207 and o.
9
Let n be 26/6 + 20/30. Let q(f) = 26*f - 1. Let k(z) = 23*z - 1. Let g(j) = 6*k(j) - 5*q(j). Let s be g(n). Calculate the greatest common factor of s and 312.
39
Suppose -161*j + 247331 = -6*j - 53369. Calculate the highest common factor of 180 and j.
20
Let v be 2/3*(-60)/(-8). Suppose -v*m + 24 = -16. Let c(j) = 8*j + 128. Let l be c(-14). What is the highest common divisor of l and m?
8
Let n be (1/3)/((-2)/(-114)). Let p be (-21138)/24 + (-39)/12 + 3. Let t = p - -938. Calculate the greatest common divisor of t and n.
19
Suppose 5*b = -1 - 14. Suppose -6*k + 11*k = -2*d + 6, 3 = 2*k + d. Let x be k + 2 - (-33 + 0/b). Calculate the greatest common factor of 28 and x.
7
Let q be -244*(3*4/(-72))/((-1)/(-6)). Calculate the highest common factor of 305 and q.
61
Let w(f) be the third derivative of -f**6/120 + f**5/10 + f**3/3 + 9*f**2. Let g be w(6). Let q be 9/3 + 26/g. What is the greatest common divisor of 80 and q?
16
Suppose -1 = 124*c - 125. What is the highest common factor of 137 and c?
1
Let p(d) = 36*d - 21. Let v be p(9). Let o = 324 - v. Calculate the highest common divisor of o and 105.
21
Suppose -2*l - 31 = -3*l. Suppose 0 = -4*k - b + 37, 4*k + 3*b = -0*k + l. Let f = 151 - 147. What is the highest common factor of k and f?
2
Let g be 4/(-1)*(369/(-36) - 22). What is the highest common factor of g and 7869?
129
Let x = -22011 + 22031. What is the greatest common divisor of 84 and x?
4
Suppose -10*u = 17*u - 513. Let z = -2494 + 2665. What is the greatest common factor of u and z?
19
Let g(n) = -n**2 + 15*n - 20. Let j be g(10). Suppose -10 = -3*s + s. Suppose 227 + 148 = s*f. Calculate the greatest common divisor of j and f.
15
Let m(k) = -2*k**2 + 148*k + 5644. Let w be m(0). Calculate the highest common divisor of w and 68.
68
Suppose -3*t + i + 25 = t, 5*i + 6 = 3*t. Let c = 642 - 639. Suppose c*j - t*j + 60 = 0. What is the greatest common factor of 10 and j?
5
Suppose 30044 = 2*n + 28*b - 32*b, n + 3*b = 15057. What is the greatest common factor of 84 and n?
84
Suppose 0 = m - 45 - 33. Suppose -4*r = -3*k + 1527, 3*r = -4*k + 1659 + 402. Suppose 0 = -9*a - 45 + k. What is the highest common factor of a and m?
26
Let j(i) = -i + 24. Let r be j(24). Suppose -2*l + 14 = 2. Suppose r = -l*w + w + 225. Calculate the greatest common factor of w and 5.
5
Suppose -5*t + 3*n + 10 = -0, 0 = -5*t + 5*n. Suppose -k + z + 1120 = 0, 0 = t*k - 12*z + 9*z - 5610. What is the greatest common divisor of k and 45?
45
Suppose j + 2*u + 18 = 6*j, -j + 14 = -3*u. Let l be j + -1 + (10 - 5). What is the greatest common divisor of l and 96?
6
Let p = -24 - -46. Let y = 18 - 20. Let s = 53 - y. Calculate the greatest common divisor of s and p.
11
Let o be (1 - -32)/(-2*(-1)/2). Let v be -3*((-170)/o + (-12)/66). What is the greatest common divisor of 176 and v?
16
Let r(p) = p + 10. Let t be r(-8). Suppose 3*w = y - 48, -t*y + 39 + 32 = -w. Let c be (2 - 2) + 11/(y/126). What is the greatest common factor of 12 and c?
6
Let c be (8217/(-11))/(-3) + (13 - 6). What is the greatest common factor of c and 400?
16
Suppose -5*i + 3790 = -910. Suppose -2*h = -6*h - i. Let v = -91 - h. What is the greatest common divisor of 16 and v?
16
Suppose 12*p = -1205 + 32321. Suppose 1463 = 13*g - p. Calculate the greatest common divisor of 39 and g.
39
Let p = 297 - 183. What is the greatest common divisor of p and 1558?
38
Let p be 2 + (36/(-3))/(-3). Let v be (-3)/p*1*-242. Suppose 198 = 12*q + 6*q. What is the highest common factor of v and q?
11
Suppose -b = -3*i + 2*b + 858, -858 = -3*i + 4*b. Suppose -5*u + 440 = f, 4*u - i - 66 = -2*f. Calculate the highest common factor of 11 and u.
11
Suppose 11*s + 213 = 26. Suppose 4*o = -5*b - 97 - 38, 2*b + 96 = -3*o. Let r = s - o. Calculate the highest common divisor of r and 13.
13
Let m(a) = 2*a + 4. Let b be m(-4). Let l be (-1 - b)/((-1)/(-7)). Suppose 7*r - 87 = -66. Calculate the greatest common factor of r and l.
3
Let i(a) = -5*a**3 - 64*a**2 + 26*a - 165. Let d be i(-15). Calculate the highest common divisor of d and 270.
30
Let l(f) = 78*f + 35. Let h be l(4). Suppose 0 = 13*j + 9 - h. Suppose -30 - 35 = -q. Calculate the highest common divisor of q and j.
13
Suppose 0 = -5*h - 10, -4*t = 3*h - 106 - 76. Suppose 509*g = 489*g + 9400. What is the greatest common divisor of t and g?
47
Suppose -2*s - 18*t = -14*t - 40, s = 5*t + 6. What is the highest common divisor of s and 5776?
16
Let s(f) = 419*f - 1125. Let t be s(5). What is the greatest common factor of 10 and t?
10
Let o be 26/221 - 4730/34. Let x = 245 - o. Let n be ((-6)/4)/((-72)/x). Calculate the highest common factor of n and 32.
8
Suppose -8*r = -5*r - 6. Suppose 4 = -k, -6*v + v + 367 = r*k. Let z = v - 72. Calculate the highest common divisor of 12 and z.
3
Let q = -53 - -63. Suppose -q*v + 155 = -55. Let o = -40 - -124. What is the greatest common divisor of v and o?
21
Suppose 20*q - 4095 - 1085 = 0. Suppose 4 = -0*u + u. Suppose 0*w - q = -u*w - n, 5*w - 4*n = 308. What is the greatest common factor of 8 and w?
8
Suppose -o - r = -14, 4*o - 3*r - 65 = 2*r. Suppose -8*k - 66 = -19*k. What is the greatest common divisor of o and k?
3
Let t be 14*4/(-3)*12/(-32). What is the highest common divisor of 532 and t?
7
Let g = -526 - -645. Let p = -12 - -13. Suppose 0 = t - g - p. What is the highest common factor of t and 20?
20
Let x(d) = 20*d**2 + 27*d + 26. Let p be x(-1). Let c(y) = 359*y + 2. Let m be c(1). Calculate the greatest common factor of m and p.
19
Let t be 2*(-5)/((-50)/(-15)) + 7. Suppose -4*g + t = 0, -5*i = -2*g - 0*g - 3. Let v = 18 + -2. Calculate the greatest common divisor of v and i.
1
Suppose n - 2 = 8. Suppose -d - 3*d + 3*q = -13, -3*d = -2*q - n. Calculate the highest common factor of 1 and d.
1
Let b(o) = o**2 - o - 1. Let w(r) = 4*r**2 + 15*r + 49. Let s(j) = -3*b(j) + w(j). Let k be s(-24). What is the greatest common factor of 14 and k?
14
Let v(a) = 5*a - 46. Let o be v(10). Suppose -o*k - 5 = -w - 9, 0 = 2*w - 8. Let r be (1/3 + (-611)/195)*-5. What is the greatest common factor of k and r?
2
Let x(d) = 2*d**2 + 30*d - 2063. Let f be x(-101). Calculate the highest common divisor of 189 and f.
189
Let p = -9946 - -10098. What is the highest common factor of 133 and p?
19
Let p = 2 - -1. Let b be (224/14 - 17)*(-6 + -2 + 3). Suppose p*i + b*a - 4*a = 58, 0 = -i + 3*a + 6. What is the greatest common divisor of i and 6?
6
Let s(r) = -r**3 - 21*r**2 - 39*r - 27. Let t be s(-19). Let n be 8*t/16 + 229. What is the greatest common factor of n and 25?
25
Let g(b) = -2*b**2 - 16*b + 30. Let a(r) = -r**3 + 13*r**2 - r + 5. Let v be a(13). Let u be g(v). Calculate the greatest common factor of 50 and u.
10
Suppose -2*m - 4*p = -80088, 9*p + 520518 = 13*m + 8*p. Calculate the highest common divisor of m and 56.
56
Let d(m) = m**3 - 10*m**2 - 43*m + 51. Let s be d(19). What is the highest common factor of s and 13?
13
Let l be 5*29 + (90/9 - 7). Let s be -9*(3 + l/(-36)). Let p be (-239)/(-3) - (-2)/6. What is the greatest common factor of s and p?
10
Let q(p) = 38*p**2 - 80*p + 213. Let t be q(3). What is the greatest common factor of 840 and t?
105
Suppose 21*w = 18*w - 192. Let o = w - -68